{"id":48479,"date":"2025-07-22T10:30:23","date_gmt":"2025-07-22T14:30:23","guid":{"rendered":"https:\/\/edyka.org\/produit\/jaime-pas-la-poesie\/"},"modified":"2026-04-10T21:00:58","modified_gmt":"2026-04-11T01:00:58","slug":"jaime-pas-la-poesie","status":"publish","type":"product","link":"https:\/\/edyka.org\/en\/produit\/jaime-pas-la-poesie\/","title":{"rendered":"J\u2019aime pas la po\u00e9sie"},"content":{"rendered":"<p><a href=\"https:\/\/www.babelio.com\/Livre\/Creech-Jaime-pas-la-poesie-\/321722\" rel=\"nofollow\">https:\/\/www.babelio.com\/Livre\/Creech-Jaime-pas-la-poesie-\/321722<\/a><\/p>\n","protected":false},"excerpt":{"rendered":"<p>Un texte intimiste, pudique et \u00e9mouvant pour d\u00e9couvrir la po\u00e9sie, le pouvoir et la magie des mots<\/p>\n","protected":false},"featured_media":27745,"template":"","meta":[],"product_brand":[],"product_cat":[1101,1081,1083,1077,1113],"product_tag":[],"class_list":["post-48479","product","type-product","status-publish","has-post-thumbnail","product_cat-enrichment","product_cat-french","product_cat-giftedness","product_cat-text","product_cat-youth","first","instock","shipping-taxable","product-type-simple"],"jetpack_sharing_enabled":true,"_links":{"self":[{"href":"https:\/\/edyka.org\/en\/wp-json\/wp\/v2\/product\/48479","targetHints":{"allow":["GET"]}}],"collection":[{"href":"https:\/\/edyka.org\/en\/wp-json\/wp\/v2\/product"}],"about":[{"href":"https:\/\/edyka.org\/en\/wp-json\/wp\/v2\/types\/product"}],"wp:featuredmedia":[{"embeddable":true,"href":"https:\/\/edyka.org\/en\/wp-json\/wp\/v2\/media\/27745"}],"wp:attachment":[{"href":"https:\/\/edyka.org\/en\/wp-json\/wp\/v2\/media?parent=48479"}],"wp:term":[{"taxonomy":"product_brand","embeddable":true,"href":"https:\/\/edyka.org\/en\/wp-json\/wp\/v2\/product_brand?post=48479"},{"taxonomy":"product_cat","embeddable":true,"href":"https:\/\/edyka.org\/en\/wp-json\/wp\/v2\/product_cat?post=48479"},{"taxonomy":"product_tag","embeddable":true,"href":"https:\/\/edyka.org\/en\/wp-json\/wp\/v2\/product_tag?post=48479"}],"curies":[{"name":"wp","href":"https:\/\/api.w.org\/{rel}","templated":true}]}}

J’aime pas la poésie

<p>Un texte intimiste, pudique et émouvant pour découvrir la poésie, le pouvoir et la magie des mots</p>
