{"id":48419,"date":"2025-07-22T10:32:03","date_gmt":"2025-07-22T14:32:03","guid":{"rendered":"https:\/\/edyka.org\/produit\/neuropsychologie-et-troubles-dapprentissages-chez-lenfant\/"},"modified":"2026-04-10T21:30:40","modified_gmt":"2026-04-11T01:30:40","slug":"neuropsychologie-et-troubles-dapprentissages-chez-lenfant","status":"publish","type":"product","link":"https:\/\/edyka.org\/en\/produit\/neuropsychologie-et-troubles-dapprentissages-chez-lenfant\/","title":{"rendered":"Neuropsychologie et troubles d&#8217;apprentissages chez l&#8217;enfant"},"content":{"rendered":"<p><a href=\"https:\/\/www.leslibraires.ca\/Livre\/neuropsychologie-et-troubles-des-apprentissages-chez-michele-mazeau-9782294767067.html#:~:text=Neuropsychologie%20et%20tro\" rel=\"nofollow\">https:\/\/www.leslibraires.ca\/Livre\/neuropsychologie-et-troubles-des-apprentissages-chez-michele-mazeau-9782294767067.html#:~:text=Neuropsychologie%20et%20tro<\/a><\/p>\n","protected":false},"excerpt":{"rendered":"<p>L &#8216;ensemble de la symptomatologie des troubles cognitifs sp\u00e9cifiques au sein des troubles du neurod\u00e9veloppement chez l&#8217;enfant a \u00e9t\u00e9 rassembl\u00e9 en un seul volume enti\u00e8rement r\u00e9vis\u00e9 pour cette 3e \u00e9dition afin de tenir compte des \u00e9tudes les plus r\u00e9centes<\/p>\n","protected":false},"featured_media":27674,"template":"","meta":[],"product_brand":[],"product_cat":[1081,1084,1116,1077],"product_tag":[],"class_list":{"0":"post-48419","1":"product","2":"type-product","3":"status-publish","4":"has-post-thumbnail","6":"product_cat-french","7":"product_cat-neurodiversity-en","8":"product_cat-scientific","9":"product_cat-text","11":"first","12":"instock","13":"shipping-taxable","14":"product-type-simple"},"jetpack_sharing_enabled":true,"_links":{"self":[{"href":"https:\/\/edyka.org\/en\/wp-json\/wp\/v2\/product\/48419","targetHints":{"allow":["GET"]}}],"collection":[{"href":"https:\/\/edyka.org\/en\/wp-json\/wp\/v2\/product"}],"about":[{"href":"https:\/\/edyka.org\/en\/wp-json\/wp\/v2\/types\/product"}],"wp:featuredmedia":[{"embeddable":true,"href":"https:\/\/edyka.org\/en\/wp-json\/wp\/v2\/media\/27674"}],"wp:attachment":[{"href":"https:\/\/edyka.org\/en\/wp-json\/wp\/v2\/media?parent=48419"}],"wp:term":[{"taxonomy":"product_brand","embeddable":true,"href":"https:\/\/edyka.org\/en\/wp-json\/wp\/v2\/product_brand?post=48419"},{"taxonomy":"product_cat","embeddable":true,"href":"https:\/\/edyka.org\/en\/wp-json\/wp\/v2\/product_cat?post=48419"},{"taxonomy":"product_tag","embeddable":true,"href":"https:\/\/edyka.org\/en\/wp-json\/wp\/v2\/product_tag?post=48419"}],"curies":[{"name":"wp","href":"https:\/\/api.w.org\/{rel}","templated":true}]}}

<p>L &#8216;ensemble de la symptomatologie des troubles cognitifs spécifiques au sein des troubles du neurodéveloppement chez l&#8217;enfant a été rassemblé en un seul volume entièrement révisé pour cette 3e édition afin de tenir compte des études les plus récentes</p>
