{"id":48404,"date":"2025-07-22T10:32:08","date_gmt":"2025-07-22T14:32:08","guid":{"rendered":"https:\/\/edyka.org\/produit\/quest-ce-que-la-dysgraphie\/"},"modified":"2026-04-12T21:29:47","modified_gmt":"2026-04-13T01:29:47","slug":"quest-ce-que-la-dysgraphie","status":"publish","type":"product","link":"https:\/\/edyka.org\/en\/produit\/quest-ce-que-la-dysgraphie\/","title":{"rendered":"Qu&#8217;est-ce que la dysgraphie ?"},"content":{"rendered":"<p><iframe loading=\"lazy\" title=\"Qu&#039;est-ce que la dysgraphie ?\" width=\"1200\" height=\"675\" src=\"https:\/\/www.youtube.com\/embed\/aZfY_wW5QQM?feature=oembed\" frameborder=\"0\" allow=\"accelerometer; autoplay; clipboard-write; encrypted-media; gyroscope; picture-in-picture; web-share\" referrerpolicy=\"strict-origin-when-cross-origin\" allowfullscreen><\/iframe><\/p>\n","protected":false},"excerpt":{"rendered":"<p>Alain, sp\u00e9cialiste du handicap, d\u00e9finit la dysgraphie comme un trouble moteur de l\u2019\u00e9criture, non li\u00e9 \u00e0 l\u2019orthographe ou au contenu mais \u00e0 la coordination du geste graphique.<br \/>\nIl explique que ce trouble affecte la fa\u00e7on d\u2019\u00e9crire (tenue du stylo, forme des lettres), et non les id\u00e9es, et qu\u2019il se d\u00e9tecte gr\u00e2ce \u00e0 des bilans sp\u00e9cialis\u00e9s.<br \/>\nLa vid\u00e9o sensibilise \u00e0 l\u2019importance de rep\u00e9rer la dysgraphie pour adapter les m\u00e9thodes d\u2019apprentissage et soutenir les \u00e9l\u00e8ves concern\u00e9s.<\/p>\n","protected":false},"featured_media":27633,"template":"","meta":[],"product_brand":[],"product_cat":[1090,1081,1100,1118,1078],"product_tag":[],"class_list":{"0":"post-48404","1":"product","2":"type-product","3":"status-publish","4":"has-post-thumbnail","6":"product_cat-dysgraphia","7":"product_cat-french","8":"product_cat-motor-coordination","9":"product_cat-popularization","10":"product_cat-video-en","12":"first","13":"instock","14":"shipping-taxable","15":"product-type-simple"},"jetpack_sharing_enabled":true,"_links":{"self":[{"href":"https:\/\/edyka.org\/en\/wp-json\/wp\/v2\/product\/48404","targetHints":{"allow":["GET"]}}],"collection":[{"href":"https:\/\/edyka.org\/en\/wp-json\/wp\/v2\/product"}],"about":[{"href":"https:\/\/edyka.org\/en\/wp-json\/wp\/v2\/types\/product"}],"wp:featuredmedia":[{"embeddable":true,"href":"https:\/\/edyka.org\/en\/wp-json\/wp\/v2\/media\/27633"}],"wp:attachment":[{"href":"https:\/\/edyka.org\/en\/wp-json\/wp\/v2\/media?parent=48404"}],"wp:term":[{"taxonomy":"product_brand","embeddable":true,"href":"https:\/\/edyka.org\/en\/wp-json\/wp\/v2\/product_brand?post=48404"},{"taxonomy":"product_cat","embeddable":true,"href":"https:\/\/edyka.org\/en\/wp-json\/wp\/v2\/product_cat?post=48404"},{"taxonomy":"product_tag","embeddable":true,"href":"https:\/\/edyka.org\/en\/wp-json\/wp\/v2\/product_tag?post=48404"}],"curies":[{"name":"wp","href":"https:\/\/api.w.org\/{rel}","templated":true}]}}

<p>Alain, spécialiste du handicap, définit la dysgraphie comme un trouble moteur de l’écriture, non lié à l’orthographe ou au contenu mais à la coordination du geste graphique.<br />
Il explique que ce trouble affecte la façon d’écrire (tenue du stylo, forme des lettres), et non les idées, et qu’il se détecte grâce à des bilans spécialisés.<br />
La vidéo sensibilise à l’importance de repérer la dysgraphie pour adapter les méthodes d’apprentissage et soutenir les élèves concernés.</p>
