{"id":48379,"date":"2025-07-22T10:32:33","date_gmt":"2025-07-22T14:32:33","guid":{"rendered":"https:\/\/edyka.org\/produit\/adolescence-et-retard-mental\/"},"modified":"2026-04-10T18:31:23","modified_gmt":"2026-04-10T22:31:23","slug":"adolescence-et-retard-mental","status":"publish","type":"product","link":"https:\/\/edyka.org\/en\/produit\/adolescence-et-retard-mental\/","title":{"rendered":"Adolescence et retard mental"},"content":{"rendered":"<p><a href=\"https:\/\/www.leslibraires.ca\/Livre\/adolescence-et-retard-mental-marie-claire-haelewyck-9782804162504.html\" rel=\"nofollow\">https:\/\/www.leslibraires.ca\/Livre\/adolescence-et-retard-mental-marie-claire-haelewyck-9782804162504.html<\/a><\/p>\n","protected":false},"excerpt":{"rendered":"<p>L&#8217;\u00e9volution des troubles intellectuels est mise en relation avec l&#8217;\u00e9tape d\u00e9veloppementale qu&#8217;est l&#8217;adolescence. L&#8217;ouvrage propose un canevas des principaux concepts th\u00e9oriques ainsi qu&#8217;une s\u00e9rie de pistes d&#8217;interventions \u00e9ducatives. Il d\u00e9peint l&#8217;adolescence des personnes pr\u00e9sentant une d\u00e9ficience intellectuelle et aborde leur d\u00e9veloppement psychologique tout en ciblant l&#8217;impact de leur trouble.<\/p>\n","protected":false},"featured_media":48917,"template":"","meta":[],"product_brand":[],"product_cat":[1081,1086,1116,1077],"product_tag":[],"class_list":["post-48379","product","type-product","status-publish","has-post-thumbnail","product_cat-french","product_cat-intellectual-disability","product_cat-scientific","product_cat-text","first","instock","shipping-taxable","product-type-simple"],"jetpack_sharing_enabled":true,"_links":{"self":[{"href":"https:\/\/edyka.org\/en\/wp-json\/wp\/v2\/product\/48379","targetHints":{"allow":["GET"]}}],"collection":[{"href":"https:\/\/edyka.org\/en\/wp-json\/wp\/v2\/product"}],"about":[{"href":"https:\/\/edyka.org\/en\/wp-json\/wp\/v2\/types\/product"}],"wp:featuredmedia":[{"embeddable":true,"href":"https:\/\/edyka.org\/en\/wp-json\/wp\/v2\/media\/48917"}],"wp:attachment":[{"href":"https:\/\/edyka.org\/en\/wp-json\/wp\/v2\/media?parent=48379"}],"wp:term":[{"taxonomy":"product_brand","embeddable":true,"href":"https:\/\/edyka.org\/en\/wp-json\/wp\/v2\/product_brand?post=48379"},{"taxonomy":"product_cat","embeddable":true,"href":"https:\/\/edyka.org\/en\/wp-json\/wp\/v2\/product_cat?post=48379"},{"taxonomy":"product_tag","embeddable":true,"href":"https:\/\/edyka.org\/en\/wp-json\/wp\/v2\/product_tag?post=48379"}],"curies":[{"name":"wp","href":"https:\/\/api.w.org\/{rel}","templated":true}]}}

<p>L&#8217;évolution des troubles intellectuels est mise en relation avec l&#8217;étape développementale qu&#8217;est l&#8217;adolescence. L&#8217;ouvrage propose un canevas des principaux concepts théoriques ainsi qu&#8217;une série de pistes d&#8217;interventions éducatives. Il dépeint l&#8217;adolescence des personnes présentant une déficience intellectuelle et aborde leur développement psychologique tout en ciblant l&#8217;impact de leur trouble.</p>
