{"id":48315,"date":"2025-07-22T10:33:47","date_gmt":"2025-07-22T14:33:47","guid":{"rendered":"https:\/\/edyka.org\/produit\/les-troubles-du-comportement-chez-les-personnes-deficientes-intellectuelles\/"},"modified":"2026-04-12T21:23:38","modified_gmt":"2026-04-13T01:23:38","slug":"les-troubles-du-comportement-chez-les-personnes-deficientes-intellectuelles","status":"publish","type":"product","link":"https:\/\/edyka.org\/en\/produit\/les-troubles-du-comportement-chez-les-personnes-deficientes-intellectuelles\/","title":{"rendered":"Les troubles du comportement chez les personnes d\u00e9ficientes intellectuelles"},"content":{"rendered":"<p><a href=\"https:\/\/www.lappui.org\/fr\/je-suis-aidant\/comprendre-la-situation-de-mon-proche\/deficience-intellectuelle\/deficience-intellectuelle-et-troubles-du-comportement\/\" rel=\"nofollow\">https:\/\/www.lappui.org\/fr\/je-suis-aidant\/comprendre-la-situation-de-mon-proche\/deficience-intellectuelle\/deficience-intellectuelle-et-troubles-du-comportement\/<\/a><\/p>\n","protected":false},"excerpt":{"rendered":"<p>&#8220;Les troubles du comportement chez les personnes d\u00e9ficientes intellectuelles&#8221; est un livre qui d\u00e9crit les diff\u00e9rents types de troubles du comportement tels que l&#8217;agressivit\u00e9, l&#8217;automutilation, les cris, les crises, la passivit\u00e9, etc. Il examine les causes possibles de ces troubles, les facteurs de risque et les facteurs de protection. Il propose des solutions pour aider les personnes d\u00e9ficientes intellectuelles \u00e0 surmonter ces troubles et am\u00e9liorer leur qualit\u00e9 de vie. Il s&#8217;adresse aux professionnels de la sant\u00e9, aux enseignants, aux aidants naturels et aux parents qui cherchent \u00e0 comprendre les troubles du comportement chez les personnes d\u00e9ficientes intellectuelles et \u00e0 les aider \u00e0 surmonter ces difficult\u00e9s.<\/p>\n","protected":false},"featured_media":27666,"template":"","meta":[],"product_brand":[],"product_cat":[1081,1086,1118,1077],"product_tag":[],"class_list":{"0":"post-48315","1":"product","2":"type-product","3":"status-publish","4":"has-post-thumbnail","6":"product_cat-french","7":"product_cat-intellectual-disability","8":"product_cat-popularization","9":"product_cat-text","11":"first","12":"instock","13":"shipping-taxable","14":"product-type-simple"},"jetpack_sharing_enabled":true,"_links":{"self":[{"href":"https:\/\/edyka.org\/en\/wp-json\/wp\/v2\/product\/48315","targetHints":{"allow":["GET"]}}],"collection":[{"href":"https:\/\/edyka.org\/en\/wp-json\/wp\/v2\/product"}],"about":[{"href":"https:\/\/edyka.org\/en\/wp-json\/wp\/v2\/types\/product"}],"wp:featuredmedia":[{"embeddable":true,"href":"https:\/\/edyka.org\/en\/wp-json\/wp\/v2\/media\/27666"}],"wp:attachment":[{"href":"https:\/\/edyka.org\/en\/wp-json\/wp\/v2\/media?parent=48315"}],"wp:term":[{"taxonomy":"product_brand","embeddable":true,"href":"https:\/\/edyka.org\/en\/wp-json\/wp\/v2\/product_brand?post=48315"},{"taxonomy":"product_cat","embeddable":true,"href":"https:\/\/edyka.org\/en\/wp-json\/wp\/v2\/product_cat?post=48315"},{"taxonomy":"product_tag","embeddable":true,"href":"https:\/\/edyka.org\/en\/wp-json\/wp\/v2\/product_tag?post=48315"}],"curies":[{"name":"wp","href":"https:\/\/api.w.org\/{rel}","templated":true}]}}

Les troubles du comportement chez les personnes déficientes intellectuelles

<p>&#8220;Les troubles du comportement chez les personnes déficientes intellectuelles&#8221; est un livre qui décrit les différents types de troubles du comportement tels que l&#8217;agressivité, l&#8217;automutilation, les cris, les crises, la passivité, etc. Il examine les causes possibles de ces troubles, les facteurs de risque et les facteurs de protection. Il propose des solutions pour aider les personnes déficientes intellectuelles à surmonter ces troubles et améliorer leur qualité de vie. Il s&#8217;adresse aux professionnels de la santé, aux enseignants, aux aidants naturels et aux parents qui cherchent à comprendre les troubles du comportement chez les personnes déficientes intellectuelles et à les aider à surmonter ces difficultés.</p>
