{"id":48254,"date":"2025-07-22T10:34:47","date_gmt":"2025-07-22T14:34:47","guid":{"rendered":"https:\/\/edyka.org\/produit\/blog-des-outils-pour-apprendre\/"},"modified":"2026-04-12T21:21:56","modified_gmt":"2026-04-13T01:21:56","slug":"blog-des-outils-pour-apprendre","status":"publish","type":"product","link":"https:\/\/edyka.org\/en\/produit\/blog-des-outils-pour-apprendre\/","title":{"rendered":"Blog des outils pour apprendre"},"content":{"rendered":"<blockquote class=\"wp-embedded-content\" data-secret=\"dZmCJlUbI7\"><p><a href=\"https:\/\/des-outils-pour-apprendre.com\/\" rel=\"nofollow noopener\" target=\"_blank\">Accueil<\/a><\/p><\/blockquote>\n<p><iframe loading=\"lazy\" class=\"wp-embedded-content\" sandbox=\"allow-scripts\" security=\"restricted\" style=\"position: absolute; visibility: hidden;\" title=\"\u00ab\u00a0Accueil\u00a0\u00bb &#8212; Des OUTILS pour APPRENDRE\" src=\"https:\/\/des-outils-pour-apprendre.com\/embed\/#?secret=GTve3JtFDi#?secret=dZmCJlUbI7\" data-secret=\"dZmCJlUbI7\" width=\"600\" height=\"338\" frameborder=\"0\" marginwidth=\"0\" marginheight=\"0\" scrolling=\"no\"><\/iframe><\/p>\n","protected":false},"excerpt":{"rendered":"<p>Docteur en recherche fondamentale, sp\u00e9cialis\u00e9e en neuro-\u00e9ducation et coach, Sarah a accompagn\u00e9 avec succ\u00e8s des centaines d\u2019\u00e9tudiants de tout niveau \u00e0 s\u2019organiser et choisir les strat\u00e9gies d\u2019apprentissage efficaces pour leur permettre de r\u00e9ussir leurs \u00e9tudes. Ce site vit au rythme des nouvelles d\u00e9couvertes scientifiques et de tout ce qui peut faciliter la vie scolaire des enfants et adolescents, que ceux-ci pr\u00e9sentent ou non un trouble de l\u2019apprentissage.<\/p>\n","protected":false},"featured_media":27633,"template":"","meta":[],"product_brand":[],"product_cat":[1095,1081,1074,1114,1102],"product_tag":[],"class_list":{"0":"post-48254","1":"product","2":"type-product","3":"status-publish","4":"has-post-thumbnail","6":"product_cat-dys-disorders-en","7":"product_cat-french","8":"product_cat-interactive","9":"product_cat-practical","10":"product_cat-tools","12":"first","13":"instock","14":"shipping-taxable","15":"product-type-simple"},"jetpack_sharing_enabled":true,"_links":{"self":[{"href":"https:\/\/edyka.org\/en\/wp-json\/wp\/v2\/product\/48254","targetHints":{"allow":["GET"]}}],"collection":[{"href":"https:\/\/edyka.org\/en\/wp-json\/wp\/v2\/product"}],"about":[{"href":"https:\/\/edyka.org\/en\/wp-json\/wp\/v2\/types\/product"}],"wp:featuredmedia":[{"embeddable":true,"href":"https:\/\/edyka.org\/en\/wp-json\/wp\/v2\/media\/27633"}],"wp:attachment":[{"href":"https:\/\/edyka.org\/en\/wp-json\/wp\/v2\/media?parent=48254"}],"wp:term":[{"taxonomy":"product_brand","embeddable":true,"href":"https:\/\/edyka.org\/en\/wp-json\/wp\/v2\/product_brand?post=48254"},{"taxonomy":"product_cat","embeddable":true,"href":"https:\/\/edyka.org\/en\/wp-json\/wp\/v2\/product_cat?post=48254"},{"taxonomy":"product_tag","embeddable":true,"href":"https:\/\/edyka.org\/en\/wp-json\/wp\/v2\/product_tag?post=48254"}],"curies":[{"name":"wp","href":"https:\/\/api.w.org\/{rel}","templated":true}]}}

<p>Docteur en recherche fondamentale, spécialisée en neuro-éducation et coach, Sarah a accompagné avec succès des centaines d’étudiants de tout niveau à s’organiser et choisir les stratégies d’apprentissage efficaces pour leur permettre de réussir leurs études. Ce site vit au rythme des nouvelles découvertes scientifiques et de tout ce qui peut faciliter la vie scolaire des enfants et adolescents, que ceux-ci présentent ou non un trouble de l’apprentissage.</p>
