{"id":48227,"date":"2025-07-22T10:35:20","date_gmt":"2025-07-22T14:35:20","guid":{"rendered":"https:\/\/edyka.org\/produit\/lucas-et-compagnie-merci-papa-merci-maman\/"},"modified":"2026-04-10T23:13:59","modified_gmt":"2026-04-11T03:13:59","slug":"lucas-et-compagnie-merci-papa-merci-maman","status":"publish","type":"product","link":"https:\/\/edyka.org\/en\/produit\/lucas-et-compagnie-merci-papa-merci-maman\/","title":{"rendered":"Lucas et compagnie : Merci papa, merci maman"},"content":{"rendered":"<p><a href=\"https:\/\/www.decitre.fr\/Livre\/lucas-et-compagnie-merci-papa-merci-maman-9782012004757.html\" rel=\"nofollow\">https:\/\/www.decitre.fr\/Livre\/lucas-et-compagnie-merci-papa-merci-maman-9782012004757.html<\/a><\/p>\n","protected":false},"excerpt":{"rendered":"<p>Lucas Deschamp, 11 ans, est surdou\u00e9 &#8230; Depuis que sa m\u00e8re a rencontr\u00e9 Fran\u00e7ois Rosen, ils vivent \u00e0 8 sous le m\u00eame toit. il a d\u00e9cid\u00e9 de raconter son histoire peu ordinaire de cette dr\u00f4le de tribu&#8230; dont je fais partie.<\/p>\n","protected":false},"featured_media":27732,"template":"","meta":[],"product_brand":[],"product_cat":[1101,1081,1083,1077,1113],"product_tag":[],"class_list":["post-48227","product","type-product","status-publish","has-post-thumbnail","product_cat-enrichment","product_cat-french","product_cat-giftedness","product_cat-text","product_cat-youth","first","instock","shipping-taxable","product-type-simple"],"jetpack_sharing_enabled":true,"_links":{"self":[{"href":"https:\/\/edyka.org\/en\/wp-json\/wp\/v2\/product\/48227","targetHints":{"allow":["GET"]}}],"collection":[{"href":"https:\/\/edyka.org\/en\/wp-json\/wp\/v2\/product"}],"about":[{"href":"https:\/\/edyka.org\/en\/wp-json\/wp\/v2\/types\/product"}],"wp:featuredmedia":[{"embeddable":true,"href":"https:\/\/edyka.org\/en\/wp-json\/wp\/v2\/media\/27732"}],"wp:attachment":[{"href":"https:\/\/edyka.org\/en\/wp-json\/wp\/v2\/media?parent=48227"}],"wp:term":[{"taxonomy":"product_brand","embeddable":true,"href":"https:\/\/edyka.org\/en\/wp-json\/wp\/v2\/product_brand?post=48227"},{"taxonomy":"product_cat","embeddable":true,"href":"https:\/\/edyka.org\/en\/wp-json\/wp\/v2\/product_cat?post=48227"},{"taxonomy":"product_tag","embeddable":true,"href":"https:\/\/edyka.org\/en\/wp-json\/wp\/v2\/product_tag?post=48227"}],"curies":[{"name":"wp","href":"https:\/\/api.w.org\/{rel}","templated":true}]}}

<p>Lucas Deschamp, 11 ans, est surdoué &#8230; Depuis que sa mère a rencontré François Rosen, ils vivent à 8 sous le même toit. il a décidé de raconter son histoire peu ordinaire de cette drôle de tribu&#8230; dont je fais partie.</p>
