{"id":48193,"date":"2025-07-22T10:30:08","date_gmt":"2025-07-22T14:30:08","guid":{"rendered":"https:\/\/edyka.org\/produit\/comprendre-le-fonctionnement-autistique-et-pointer-les-incidences-sur-les-apprentissages\/"},"modified":"2026-04-11T20:45:05","modified_gmt":"2026-04-12T00:45:05","slug":"comprendre-le-fonctionnement-autistique-et-pointer-les-incidences-sur-les-apprentissages","status":"publish","type":"product","link":"https:\/\/edyka.org\/en\/produit\/comprendre-le-fonctionnement-autistique-et-pointer-les-incidences-sur-les-apprentissages\/","title":{"rendered":"Comprendre le fonctionnement autistique et pointer les incidences sur les apprentissages"},"content":{"rendered":"<p><a href=\"http:\/\/www.canalautisme.com\/comprendre-le-fonctionnement-autistique-et-pointer-les-incidences-sur-les-apprentissages.html\" rel=\"nofollow\">http:\/\/www.canalautisme.com\/comprendre-le-fonctionnement-autistique-et-pointer-les-incidences-sur-les-apprentissages.html<\/a><\/p>\n","protected":false},"excerpt":{"rendered":"<p>Formation compos\u00e9e de modules ind\u00e9pendants de quelques minutes<br \/>\n&#8211; Pr\u00e9ambule sur la diversit\u00e9 des profils dans le spectre autistique<br \/>\n&#8211; L\u2019autisme comme trouble de la communication<br \/>\n&#8211; Le fonctionnement autistique les aspects sensoriels et perceptifs<br \/>\n&#8211; Autres aspects du fonctionnement autistique : pens\u00e9e en d\u00e9tail, pens\u00e9e fragment\u00e9e, pens\u00e9e statique<\/p>\n","protected":false},"featured_media":48923,"template":"","meta":[],"product_brand":[],"product_cat":[1087,1081,1074,1102,1111],"product_tag":[],"class_list":{"0":"post-48193","1":"product","2":"type-product","3":"status-publish","4":"has-post-thumbnail","6":"product_cat-asd","7":"product_cat-french","8":"product_cat-interactive","9":"product_cat-tools","10":"product_cat-training","12":"first","13":"instock","14":"shipping-taxable","15":"product-type-simple"},"jetpack_sharing_enabled":true,"_links":{"self":[{"href":"https:\/\/edyka.org\/en\/wp-json\/wp\/v2\/product\/48193","targetHints":{"allow":["GET"]}}],"collection":[{"href":"https:\/\/edyka.org\/en\/wp-json\/wp\/v2\/product"}],"about":[{"href":"https:\/\/edyka.org\/en\/wp-json\/wp\/v2\/types\/product"}],"wp:featuredmedia":[{"embeddable":true,"href":"https:\/\/edyka.org\/en\/wp-json\/wp\/v2\/media\/48923"}],"wp:attachment":[{"href":"https:\/\/edyka.org\/en\/wp-json\/wp\/v2\/media?parent=48193"}],"wp:term":[{"taxonomy":"product_brand","embeddable":true,"href":"https:\/\/edyka.org\/en\/wp-json\/wp\/v2\/product_brand?post=48193"},{"taxonomy":"product_cat","embeddable":true,"href":"https:\/\/edyka.org\/en\/wp-json\/wp\/v2\/product_cat?post=48193"},{"taxonomy":"product_tag","embeddable":true,"href":"https:\/\/edyka.org\/en\/wp-json\/wp\/v2\/product_tag?post=48193"}],"curies":[{"name":"wp","href":"https:\/\/api.w.org\/{rel}","templated":true}]}}

<p>Formation composée de modules indépendants de quelques minutes<br />
&#8211; Préambule sur la diversité des profils dans le spectre autistique<br />
&#8211; L’autisme comme trouble de la communication<br />
&#8211; Le fonctionnement autistique les aspects sensoriels et perceptifs<br />
&#8211; Autres aspects du fonctionnement autistique : pensée en détail, pensée fragmentée, pensée statique</p>
