{"id":48165,"date":"2025-07-22T10:30:34","date_gmt":"2025-07-22T14:30:34","guid":{"rendered":"https:\/\/edyka.org\/produit\/toi-quon-dit-surdoue-la-precocite-intellectuelle-expliquee-aux-enfants\/"},"modified":"2025-07-22T10:30:34","modified_gmt":"2025-07-22T14:30:34","slug":"toi-quon-dit-surdoue-la-precocite-intellectuelle-expliquee-aux-enfants","status":"publish","type":"product","link":"https:\/\/edyka.org\/en\/produit\/toi-quon-dit-surdoue-la-precocite-intellectuelle-expliquee-aux-enfants\/","title":{"rendered":"Toi qu\u2019on dit surdou\u00e9. La pr\u00e9cocit\u00e9 intellectuelle expliqu\u00e9e aux enfants"},"content":{"rendered":"<p><a href=\"https:\/\/livre.fnac.com\/a3435456\/Claire-Grand-Toi-qu-on-dit-surdoue\" rel=\"nofollow\">https:\/\/livre.fnac.com\/a3435456\/Claire-Grand-Toi-qu-on-dit-surdoue<\/a><\/p>\n","protected":false},"excerpt":{"rendered":"<p>Ce livre a \u00e9t\u00e9 \u00e9crit et pens\u00e9 pour l&#8217;enfant lui m\u00eame, accessible et facile \u00e0 lire. Partant du constat que la parole lib\u00e8re et soulage l&#8217;enfant, qu&#8217;il est essentiel pour lui de savoir que son intelligence est formidable mais difficile \u00e0 vivre au quotidien<\/p>\n","protected":false},"featured_media":22676,"template":"","meta":[],"product_brand":[],"product_cat":[1081,1083,1118,1077,1113],"product_tag":[],"class_list":["post-48165","product","type-product","status-publish","has-post-thumbnail","product_cat-french","product_cat-giftedness","product_cat-popularization","product_cat-text","product_cat-youth","first","instock","shipping-taxable","product-type-simple"],"jetpack_sharing_enabled":true,"_links":{"self":[{"href":"https:\/\/edyka.org\/en\/wp-json\/wp\/v2\/product\/48165","targetHints":{"allow":["GET"]}}],"collection":[{"href":"https:\/\/edyka.org\/en\/wp-json\/wp\/v2\/product"}],"about":[{"href":"https:\/\/edyka.org\/en\/wp-json\/wp\/v2\/types\/product"}],"wp:featuredmedia":[{"embeddable":true,"href":"https:\/\/edyka.org\/en\/wp-json\/wp\/v2\/media\/22676"}],"wp:attachment":[{"href":"https:\/\/edyka.org\/en\/wp-json\/wp\/v2\/media?parent=48165"}],"wp:term":[{"taxonomy":"product_brand","embeddable":true,"href":"https:\/\/edyka.org\/en\/wp-json\/wp\/v2\/product_brand?post=48165"},{"taxonomy":"product_cat","embeddable":true,"href":"https:\/\/edyka.org\/en\/wp-json\/wp\/v2\/product_cat?post=48165"},{"taxonomy":"product_tag","embeddable":true,"href":"https:\/\/edyka.org\/en\/wp-json\/wp\/v2\/product_tag?post=48165"}],"curies":[{"name":"wp","href":"https:\/\/api.w.org\/{rel}","templated":true}]}}

Toi qu’on dit surdoué. La précocité intellectuelle expliquée aux enfants

<p>Ce livre a été écrit et pensé pour l&#8217;enfant lui même, accessible et facile à lire. Partant du constat que la parole libère et soulage l&#8217;enfant, qu&#8217;il est essentiel pour lui de savoir que son intelligence est formidable mais difficile à vivre au quotidien</p>
