{"id":48146,"date":"2025-07-22T10:30:54","date_gmt":"2025-07-22T14:30:54","guid":{"rendered":"https:\/\/edyka.org\/produit\/fautes-de-grammaire-difficulte-a-trouver-ses-mots-la-dysphasie-un-trou-ble-meconnu-qui-affecte-la-parole\/"},"modified":"2026-04-11T17:33:20","modified_gmt":"2026-04-11T21:33:20","slug":"fautes-de-grammaire-difficulte-a-trouver-ses-mots-la-dysphasie-un-trou-ble-meconnu-qui-affecte-la-parole","status":"publish","type":"product","link":"https:\/\/edyka.org\/en\/produit\/fautes-de-grammaire-difficulte-a-trouver-ses-mots-la-dysphasie-un-trou-ble-meconnu-qui-affecte-la-parole\/","title":{"rendered":"Fautes de grammaire, difficult\u00e9 \u00e0 trouver ses mots : la dysphasie, un trou-ble m\u00e9connu qui affecte la parole"},"content":{"rendered":"<p><a href=\"https:\/\/sante.lefigaro.fr\/medecine\/fautes-de-grammaire-difficulte-a-trouver-ses-mots-la-dysphasie-un-trouble-meconnu-qui-affecte-la-parole-20240123\" rel=\"nofollow\">https:\/\/sante.lefigaro.fr\/medecine\/fautes-de-grammaire-difficulte-a-trouver-ses-mots-la-dysphasie-un-trouble-meconnu-qui-affecte-la-parole-20240123<\/a><\/p>\n","protected":false},"excerpt":{"rendered":"<p>Article publi\u00e9 dans Le Figaro (site web), mardi 23 janvier 2024, p. Actualit\u00e9 Sant\u00e9-M\u00e9decine.<\/p>\n","protected":false},"featured_media":48929,"template":"","meta":[],"product_brand":[],"product_cat":[1093,1081,1097,1118,1077],"product_tag":[],"class_list":{"0":"post-48146","1":"product","2":"type-product","3":"status-publish","4":"has-post-thumbnail","6":"product_cat-dysphasia","7":"product_cat-french","8":"product_cat-learning","9":"product_cat-popularization","10":"product_cat-text","12":"first","13":"instock","14":"shipping-taxable","15":"product-type-simple"},"jetpack_sharing_enabled":true,"_links":{"self":[{"href":"https:\/\/edyka.org\/en\/wp-json\/wp\/v2\/product\/48146","targetHints":{"allow":["GET"]}}],"collection":[{"href":"https:\/\/edyka.org\/en\/wp-json\/wp\/v2\/product"}],"about":[{"href":"https:\/\/edyka.org\/en\/wp-json\/wp\/v2\/types\/product"}],"wp:featuredmedia":[{"embeddable":true,"href":"https:\/\/edyka.org\/en\/wp-json\/wp\/v2\/media\/48929"}],"wp:attachment":[{"href":"https:\/\/edyka.org\/en\/wp-json\/wp\/v2\/media?parent=48146"}],"wp:term":[{"taxonomy":"product_brand","embeddable":true,"href":"https:\/\/edyka.org\/en\/wp-json\/wp\/v2\/product_brand?post=48146"},{"taxonomy":"product_cat","embeddable":true,"href":"https:\/\/edyka.org\/en\/wp-json\/wp\/v2\/product_cat?post=48146"},{"taxonomy":"product_tag","embeddable":true,"href":"https:\/\/edyka.org\/en\/wp-json\/wp\/v2\/product_tag?post=48146"}],"curies":[{"name":"wp","href":"https:\/\/api.w.org\/{rel}","templated":true}]}}

Fautes de grammaire, difficulté à trouver ses mots : la dysphasie, un trou-ble méconnu qui affecte la parole

<p>Article publié dans Le Figaro (site web), mardi 23 janvier 2024, p. Actualité Santé-Médecine.</p>
