{"id":47965,"date":"2025-07-22T10:34:27","date_gmt":"2025-07-22T14:34:27","guid":{"rendered":"https:\/\/edyka.org\/produit\/mieux-comprendre-le-fonctionnement-cognitif-des-jeunes-avec-tsa-pour-favoriser-les-apprentissages\/"},"modified":"2026-04-06T18:04:00","modified_gmt":"2026-04-06T22:04:00","slug":"mieux-comprendre-le-fonctionnement-cognitif-des-jeunes-avec-tsa-pour-favoriser-les-apprentissages","status":"publish","type":"product","link":"https:\/\/edyka.org\/en\/produit\/mieux-comprendre-le-fonctionnement-cognitif-des-jeunes-avec-tsa-pour-favoriser-les-apprentissages\/","title":{"rendered":"Mieux comprendre le fonctionnement cognitif des jeunes avec TSA pour favoriser les apprentissages"},"content":{"rendered":"<p><iframe class=\"wp-embedded-content\" sandbox=\"allow-scripts\" security=\"restricted\" title=\"Mieux comprendre le fonctionnement cognitif des jeunes avec TSA pour favoriser les apprentissages \/ Isabelle Souli\u00e8res\" width='560' height='315' src='https:\/\/www.canal-u.tv\/chaines\/ut2j\/embed\/96623?t=0#?secret=tqlVYf1neX' data-secret='tqlVYf1neX'><\/iframe><\/p>\n","protected":false},"excerpt":{"rendered":"<p>Mieux comprendre le fonctionnement cognitif des jeunes avec TSA pour favoriser les apprentissages\u00a0\/ Isabelle Souli\u00e8res, in Journ\u00e9e d&#8217;\u00e9tude &#8220;Troubles du spectre de l\u2019autisme \u00e0 l\u2019adolescence :Quels d\u00e9fis pour l\u2019inclusion ?&#8221; organis\u00e9e par le Centre d&#8217;\u00c9tudes et de Recherches en Psychopathologie et Psychologie de la Sant\u00e9 (CERPPS) de l&#8217;Universit\u00e9 Toulouse Jean Jaur\u00e8s, sous la direction scientifique de Teresa Blicharska et Morgane Aubineau, Universit\u00e9 Toulouse Jean Jaur\u00e8s, 17 novembre 2017.<\/p>\n","protected":false},"featured_media":48923,"template":"","meta":[],"product_brand":[],"product_cat":[1087,1081,1074,1097,1111],"product_tag":[1120],"class_list":["post-47965","product","type-product","status-publish","has-post-thumbnail","product_cat-asd","product_cat-french","product_cat-interactive","product_cat-learning","product_cat-training","product_tag-teachers","first","instock","shipping-taxable","product-type-simple"],"jetpack_sharing_enabled":true,"_links":{"self":[{"href":"https:\/\/edyka.org\/en\/wp-json\/wp\/v2\/product\/47965","targetHints":{"allow":["GET"]}}],"collection":[{"href":"https:\/\/edyka.org\/en\/wp-json\/wp\/v2\/product"}],"about":[{"href":"https:\/\/edyka.org\/en\/wp-json\/wp\/v2\/types\/product"}],"wp:featuredmedia":[{"embeddable":true,"href":"https:\/\/edyka.org\/en\/wp-json\/wp\/v2\/media\/48923"}],"wp:attachment":[{"href":"https:\/\/edyka.org\/en\/wp-json\/wp\/v2\/media?parent=47965"}],"wp:term":[{"taxonomy":"product_brand","embeddable":true,"href":"https:\/\/edyka.org\/en\/wp-json\/wp\/v2\/product_brand?post=47965"},{"taxonomy":"product_cat","embeddable":true,"href":"https:\/\/edyka.org\/en\/wp-json\/wp\/v2\/product_cat?post=47965"},{"taxonomy":"product_tag","embeddable":true,"href":"https:\/\/edyka.org\/en\/wp-json\/wp\/v2\/product_tag?post=47965"}],"curies":[{"name":"wp","href":"https:\/\/api.w.org\/{rel}","templated":true}]}}

<p><iframe class="wp-embedded-content" sandbox="allow-scripts" security="restricted" title="Mieux comprendre le fonctionnement cognitif des jeunes avec TSA pour favoriser les apprentissages / Isabelle Soulières" width='560' height='315' src='https://www.canal-u.tv/chaines/ut2j/embed/96623?t=0#?secret=tqlVYf1neX' data-secret='tqlVYf1neX'></iframe></p>

<p>Mieux comprendre le fonctionnement cognitif des jeunes avec TSA pour favoriser les apprentissages / Isabelle Soulières, in Journée d&#8217;étude &#8220;Troubles du spectre de l’autisme à l’adolescence :Quels défis pour l’inclusion ?&#8221; organisée par le Centre d&#8217;Études et de Recherches en Psychopathologie et Psychologie de la Santé (CERPPS) de l&#8217;Université Toulouse Jean Jaurès, sous la direction scientifique de Teresa Blicharska et Morgane Aubineau, Université Toulouse Jean Jaurès, 17 novembre 2017.</p>
