{"id":47872,"date":"2025-07-22T10:35:59","date_gmt":"2025-07-22T14:35:59","guid":{"rendered":"https:\/\/edyka.org\/produit\/petit-surdoue-deviendra-grand\/"},"modified":"2026-04-11T20:56:21","modified_gmt":"2026-04-12T00:56:21","slug":"petit-surdoue-deviendra-grand","status":"publish","type":"product","link":"https:\/\/edyka.org\/en\/produit\/petit-surdoue-deviendra-grand\/","title":{"rendered":"Petit surdou\u00e9 deviendra grand"},"content":{"rendered":"<p><a href=\"https:\/\/www.oppa-montessori.net\/librairie-pedagogique\/420-petit-surdoue-deviendra-grand.html\" rel=\"nofollow\">https:\/\/www.oppa-montessori.net\/librairie-pedagogique\/420-petit-surdoue-deviendra-grand.html<\/a><\/p>\n","protected":false},"excerpt":{"rendered":"<p>&#8220;Petit surdou\u00e9 deviendra grand&#8221; est un livre qui se concentre sur les enfants surdou\u00e9s et leur d\u00e9veloppement. Il explique les caract\u00e9ristiques des enfants surdou\u00e9s et les d\u00e9fis qu&#8217;ils peuvent rencontrer au cours de leur croissance. Il donne des conseils pour les identifier, les accompagner, les \u00e9duquer et les motiver. Il aborde \u00e9galement les difficult\u00e9s que ces enfants peuvent rencontrer dans leur vie personnelle et les cons\u00e9quences possibles sur leur d\u00e9veloppement \u00e9motionnel et social. Il propose des solutions pour adapter l&#8217;\u00e9ducation aux talents et aux besoins de ces enfants. Il s&#8217;adresse aux parents, aux enseignants et aux professionnels de la sant\u00e9 qui cherchent \u00e0 comprendre les besoins et les aspirations des enfants surdou\u00e9s et \u00e0 les aider \u00e0 atteindre leur potentiel. Il a pour but de donner les outils pour aider l&#8217;enfant surdou\u00e9 \u00e0 s&#8217;\u00e9panouir et \u00e0 r\u00e9ussir dans la vie.<\/p>\n","protected":false},"featured_media":27669,"template":"","meta":[],"product_brand":[],"product_cat":[1081,1083,1076,1113],"product_tag":[],"class_list":{"0":"post-47872","1":"product","2":"type-product","3":"status-publish","4":"has-post-thumbnail","6":"product_cat-french","7":"product_cat-giftedness","8":"product_cat-physical","9":"product_cat-youth","11":"first","12":"instock","13":"shipping-taxable","14":"product-type-simple"},"jetpack_sharing_enabled":true,"_links":{"self":[{"href":"https:\/\/edyka.org\/en\/wp-json\/wp\/v2\/product\/47872","targetHints":{"allow":["GET"]}}],"collection":[{"href":"https:\/\/edyka.org\/en\/wp-json\/wp\/v2\/product"}],"about":[{"href":"https:\/\/edyka.org\/en\/wp-json\/wp\/v2\/types\/product"}],"wp:featuredmedia":[{"embeddable":true,"href":"https:\/\/edyka.org\/en\/wp-json\/wp\/v2\/media\/27669"}],"wp:attachment":[{"href":"https:\/\/edyka.org\/en\/wp-json\/wp\/v2\/media?parent=47872"}],"wp:term":[{"taxonomy":"product_brand","embeddable":true,"href":"https:\/\/edyka.org\/en\/wp-json\/wp\/v2\/product_brand?post=47872"},{"taxonomy":"product_cat","embeddable":true,"href":"https:\/\/edyka.org\/en\/wp-json\/wp\/v2\/product_cat?post=47872"},{"taxonomy":"product_tag","embeddable":true,"href":"https:\/\/edyka.org\/en\/wp-json\/wp\/v2\/product_tag?post=47872"}],"curies":[{"name":"wp","href":"https:\/\/api.w.org\/{rel}","templated":true}]}}

Petit surdoué deviendra grand

<p>&#8220;Petit surdoué deviendra grand&#8221; est un livre qui se concentre sur les enfants surdoués et leur développement. Il explique les caractéristiques des enfants surdoués et les défis qu&#8217;ils peuvent rencontrer au cours de leur croissance. Il donne des conseils pour les identifier, les accompagner, les éduquer et les motiver. Il aborde également les difficultés que ces enfants peuvent rencontrer dans leur vie personnelle et les conséquences possibles sur leur développement émotionnel et social. Il propose des solutions pour adapter l&#8217;éducation aux talents et aux besoins de ces enfants. Il s&#8217;adresse aux parents, aux enseignants et aux professionnels de la santé qui cherchent à comprendre les besoins et les aspirations des enfants surdoués et à les aider à atteindre leur potentiel. Il a pour but de donner les outils pour aider l&#8217;enfant surdoué à s&#8217;épanouir et à réussir dans la vie.</p>
